base 4
-130122022321
144601 (base 8) to base 9
77676
What is 5a9d7 (base 14) in base 2?
110110000100100001
20020110020210 (base 3) to base 7
40116456
What is -370329 (base 10) in base 8?
-1323231
What is 3595915 (base 10) in base 15?
4b06ca
What is 73828 (base 13) in base 16?
32c20
What is 3d68f (base 16) in base 14?
6794b
What is 11111000100101111011 (base 2) in base 15?
151a75
15150213 (base 6) to base 13
156180
Convert -2be9ce (base 16) to base 3.
-12102012201222
-3020103222 (base 4) to base 16
-c84ea
What is 11002000021021 (base 3) in base 8?
10205116
What is -1210333001 (base 5) in base 6?
-140310354
a067c (base 13) to base 11
186471
What is 4664372 (base 8) in base 12?
51418a
112011201202121 (base 3) to base 2
11100101111001100000001
Convert -690a79 (base 16) to base 9.
-13852015
What is 101010000101101101000 (base 2) in base 14?
27c888
Convert 505042 (base 7) to base 6.
1501044
Convert -102200021212 (base 3) to base 13.
-80807
Convert -4c1846 (base 15) to base 9.
-6773163
-6257456 (base 9) to base 11
-1985194
What is 25215424 (base 6) in base 15?
11057a
-230324221 (base 5) to base 9
-1834461
-542417 (base 10) to base 14
-101961
111101011011010100 (base 2) to base 3
110210010200
What is -310456262 (base 7) in base 16?
-115b353
Convert -62e20 (base 16) to base 10.
-405024
What is -261c280 (base 14) in base 16?
-1181e68
What is -12362105 (base 7) in base 11?
-6a886a
What is -11000001110000100110101 (base 2) in base 12?
-2162305
Convert 583a76 (base 13) to base 9.
3840453
Convert -641316 (base 7) to base 3.
-12122012020
What is 544313 (base 7) in base 3?
11211112202
Convert 20512 (base 9) to base 10.
13538
2b9fab (base 16) to base 12
b5a577
Convert 1a1a962 (base 13) to base 11.
4939222
5420228 (base 9) to base 16
2c5a57
What is -68d52 (base 16) in base 11?
-273679
1120202103 (base 4) to base 15
726b3
What is 14510225 (base 6) in base 10?
506825
-40454 (base 12) to base 5
-10133314
Convert -75673 (base 9) to base 11.
-34728
What is 1023220103 (base 4) in base 12?
12b32b
Convert 4444141 (base 8) to base 6.
41403041
14514224 (base 6) to base 4
1323330220
Convert 2031110002 (base 4) to base 10.
578818
What is -2232630 (base 7) in base 3?
-112002010120
Convert 1110132 (base 6) to base 4.
31213220
-5de4ef (base 16) to base 6
-335520115
Convert 6341542 (base 7) to base 13.
20ab95
What is -35a8a (base 11) in base 5?
-3130021
What is 17174583 (base 9) in base 6?
504323420
Convert -135233150 (base 6) to base 12.
-b187b6
Convert 15526251 (base 7) to base 4.
11232321201
5ba97b (base 12) to base 15
1e6b52
What is 125256c (base 14) in base 6?
512410244
-1101100110000101001000 (base 2) to base 11
-2014632
32403254 (base 6) to base 7
11126230
What is -2326455 (base 8) in base 11?
-3a34a7
-26310015 (base 7) to base 8
-11132666
Convert 116a34a (base 13) to base 5.
2340021012
132300223 (base 7) to base 10
8521264
Convert 140463 (base 12) to base 10.
332427
What is 20011001021 (base 3) in base 9?
204037
What is 637358 (base 14) in base 8?
14646422
-2029e0 (base 15) to base 12
-618133
What is -50b7b (base 14) in base 10?
-194345
22065621 (base 7) to base 15
277929
-1356643 (base 10) to base 5
-321403033
What is -1901477 (base 11) in base 3?
-20001202000101
Convert -40021003 (base 6) to base 9.
-2100763
1010010111110001110 (base 2) to base 14
8bbd4
What is -1100110110000011110 (base 2) in base 13?
-119766
Convert -1113131013 (base 4) to base 13.
-c7080
Convert 56b96 (base 14) to base 11.
134446
What is -14500512 (base 6) in base 4?
-1323130130
-25638b5 (base 12) to base 16
-701b49
5847117 (base 9) to base 7
35603602
Convert -46d4a (base 15) to base 4.
-313013101
1101100100110110110100 (base 2) to base 13
977b28
What is -160111 (base 12) in base 8?
-1331235
What is -10030301 (base 5) in base 16?
-138cc
What is -129294 (base 11) in base 3?
-101021222211
What is -101111011111011111 (base 2) in base 13?
-6a708
Convert 1101412422 (base 5) to base 15.
31d10c
2b4222 (base 13) to base 3
2000011011012
Convert 172830 (base 10) to base 5.
21012310
-1000001000001100110 (base 2) to base 15
-53db2
What is 110101101011001010010 (base 2) in base 9?
3270554
What is 2064366 (base 7) in base 2?
111101010110000111
2630023 (base 7) to base 5
41441420
What is 263046 (base 10) in base 15?
52e16
Convert 2488013 (base 10) to base 9.
4611818
Convert 8a486 (base 13) to base 12.
101490
Convert 99029 (base 15) to base 13.
1402c8
12001120010001 (base 3) to base 8
12201641
3212010022 (base 4) to base 11
593aa9
Convert 111000110002 (base 3) to base 10.
256205
-4255751 (base 8) to base 12
-46a435
-1001100001100111011010 (base 2) to base 12
-a05022
-573215 (base 8) to base 2
-101111011010001101
What is -30311520 (base 7) in base 11?
-14743a4
463177 (base 12) to base 13
3051a0
What is 1231343 (base 5) in base 10?
23973
What is 11000111011010101 (base 2) in base 15?
203bb
Convert 53907 (base 16) to base 6.
11200343
Convert 235a3 (base 14) to base 5.
10224222
Convert -3621011 (base 8) to base 13.
-289549
64707 (base 13) to base 11
114279
What is -325132 (base 6) in base 10?
-27056
Convert -218532 (base 16) to base 12.
-89b356
What is 170601 (base 13) in base 7?
4602216
-95a72 (base 11) to base 7
-1121220
-17ab8e (base 15) to base 16
-118c9d
Convert -495db (base 16) to base 9.
-507186
What is 67208 (base 14) in base 13?
89aba
Convert 1044 (base 16) to base 3.
12201020
What is 6836 (base 14) in base 8?
43240
629640 (base 10) to base 4
2121232020
1571386 (base 13) to base 9
13854747
Convert 424374 (base 8) to base 15.
2be29
Convert 2101102202122 (base 3) to base 7.
13531430
What is 111550 (base 11) in base 3?
100000201212
What is 100354 (base 8) in base 4?
20003230
What is 20003031 (base 5) in base 11?
a7761
-50763 (base 8) to base 6
-241043
What is 21502133 (base 6) in base 5?
131132042
Convert -10c330 (base 13) to base 2.
-1100001001101111011
-6e3fb (base 16) to base 6
-13402351
What is 1332302311 (base 4) in base 14?
d73a5
What is 2b76dc (base 14) in base 2?
101110010110011010010
What is -1110001110100100010100 (base 2) in base 15?
-4da159
3917629 (base 10) to base 5
2000331004
What is 172d406 (base 14) in base 5?
10410020343
What is -32bc6c (base 14) in base 12?
-6b10a0
What is -49278 (base 12) in base 11?
-68318
16020 (base 12) to base 16
7998
What is -128b6 (base 16) in base 6?
-1343354
Convert a4c286 (base 14) to base 8.
25165636
10568 (base 12) to base 14
7bc4
Convert 434391 (base 11) to base 10.
693914
What is -3120113 (base 4) in base 9?
-20885
Convert 412114 (base 8) to base 3.
20220220222
What is 20836 (base 9) in base 6?
143523
Convert -102101210100 (base 3) to base 13.
-7b18c
What is 10111100010001101001001 (base 2) in base 7?
103303432
Convert -9222bc (base 14) to base 15.
-673b49
10617132 (base 8) to base 3
11022221002212
What is 376a57 (base 13) in base 16?
14466e
What is 349615 (base 13) in base 5?
304431203
Convert 304547 (base 11) to base 2.
1110111011010101101
220120222012 (base 3) to base 10
484034
Convert -208325 (base 12) to base 8.
-1747715
What is -67420 (base 10) in base 8?
-203534
What is -3243450 (base 6) in base 4?
-213123312
What is 40a61b (base 15) in base 9?
5702758
Convert 30201111 (base 5) to base 13.
85798
Convert 22f458 (base 16) to base 2.
1000101111010001011000
What is 2105145 (base 10) in base 14?
3cb277
Convert -158475 (base 9) to base 2.
-10111111100011110
304368 (base 9) to base 6
3511012
Convert -1124442012 (base 5) to base 9.
-4758014
Convert -b3531 (base 14) to base 15.
-87e3b
What is 34910 (base 16) in base 7?
1554506
-1404241214 (base 5) to base 6
-204514431
Convert -17b59a8 (base 12) to base 9.
-10308022
What is -11141005 (base 6) in base 15?
-6aa18
Convert 1022110 (base 6) to base 11.
343a2
What is 32151040 (base 6) in base 7?
11024505
What is -4421124 (base 5) in base 14?
-1dbc2
What is 35230313 (base 6) in base 12?
448399
Convert 100111000000101011011011 (base 2) to base 6.
1003104231
18776 (base 11) to base 13
bc1b
13024302 (base 5) to base 14
34311
28a557 (base 11) to base 16
6ea57
2a34 (base 14) to base 5
214434
-200220211001 (base 3) to base 14
-999cd
Convert a1e288 (base 15) to base 13.
17942cc
What is 20044400 (base 5) in base 9?
262525
What is 194970 (base 14) in base 6?
31114010
Convert -124102 (base 8) to base 12.
-20b16
What is -5a67a9